What are the prime factors of k?
859
Let u(w) = w**3 - 31*w**2 - 68*w + 70. Let x be u(33). Suppose -4*r - r = x*f - 2266, 3*f = -5*r + 2262. What are the prime factors of r?
2, 3, 5
Let j(k) = k**3 + 23*k - 52. Suppose -7*g - 30 = -12*g. List the prime factors of j(g).
2, 151
Let n be (6 - 10)/(-1 + -1). Suppose -l - l = -3*z + 56, 0 = 2*z - n*l - 36. Let b = 29 + z. List the prime factors of b.
7
Let r(l) = 232*l**2 + 26*l + 32. What are the prime factors of r(-4)?
2, 5, 7, 13
Let x be (6 - 324/30)/((-4)/170). Suppose -5*f - 516 = 4*c, -4*c = f + f + x. List the prime factors of (-6536)/f - 2/(-13).
3, 7
Let a(v) = 1064*v**3 + 4*v**2 - 7*v + 5. List the prime factors of a(2).
7, 1217
Let d be (2302/6)/((-4)/72*-3). Suppose 4817 = 21*j - d. List the prime factors of j.
3, 113
Suppose -y + 3295 = -2*h, 14*h = -5*y + 17*h + 16489. List the prime factors of y.
3299
Suppose -14*f = -0*f - f. Suppose f = 4*y + c - 385, -y + 44 + 57 = 5*c. List the prime factors of y.
2, 3
Suppose 0 = -2*k + 12*k - 26250. Suppose 22*s - k = 7*s. Let j = s + -117. List the prime factors of j.
2, 29
Let w(u) = 194*u - 1355. Let x be w(7). Let r = -9 - -15. What are the prime factors of (r/2)/(x - 4) + 47?
2, 11
Let f = -325 + 322. List the prime factors of 7/(-14) - f/((-18)/(-2481)).
7, 59
Suppose -57517 = -4*d + 5*h, -11*d + 8*d = 4*h - 43161. What are the prime factors of d?
19, 757
What are the prime factors of (10*(-1)/(-4))/(20/34600)?
5, 173
Suppose -159*a + 177*a - 22194 = 0. What are the prime factors of a?
3, 137
Let w(o) = -o**3 - 10*o**2 - 1. Let p be w(-10). Let m(d) = -105 - 51*d + 105. What are the prime factors of m(p)?
3, 17
Suppose 45 - 17 = 7*g. Let m(h) = 6*h + g*h - 9*h + 27. List the prime factors of m(17).
2, 11
Let r(o) = o**3 - 24*o**2 + 8*o - 60. Let d be r(23). Let c = d + 866. What are the prime factors of c?
461
List the prime factors of (-80224)/(-14) - (132/(-77))/(-6).
2, 3, 5, 191
Let i = -65283 + 113265. List the prime factors of i.
2, 3, 11, 727
Let q(c) = 5 - 5*c**2 - c**3 + 3*c + c - 3*c + 0*c**3. Let v be q(-5). Suppose v = -2*l - 10, 0 = -z + 2*z - l - 11. What are the prime factors of z?
2, 3
Suppose -19*w = -171039 - 407796. What are the prime factors of w?
3, 5, 677
Let x(y) = 91*y**2 - 18*y + 78. List the prime factors of x(7).
11, 401
Suppose -3*i - i = 108. What are the prime factors of ((-1422)/i)/((-2)/(-12))?
2, 79
Let n be (-9)/(2 + -4 + 1/1). Suppose -3*v - n = -18. What are the prime factors of 17 - -7 - (v - 0)?
3, 7
Let r = -5010 + 12734. Suppose 4*y - 2*u - r = -6*u, -6 = 3*u. List the prime factors of y.
1933
Suppose 0 = 14*i + 43*i - 457772 - 1081171. What are the prime factors of i?
7, 19, 29
Let b be (-32)/12*(566822/(-4) + -1). List the prime factors of 4/46 + b/598.
2, 79
Let k(t) = 4*t**3 - 17*t**2 + 79*t + 64. What are the prime factors of k(21)?
2, 5, 53, 59
Let m = -229 - -387. Let k = m + -125. List the prime factors of k.
3, 11
Let u = -1335 - -7811. List the prime factors of u.
2, 1619
Let x(i) = -227*i + 111. Let u be x(-5). Let s = u - 638. List the prime factors of s.
2, 19
Let j(v) = v**3 + 11*v**2 - 36*v + 27. Let x be j(-16). What are the prime factors of (-6)/45 - x/15?
3, 5
Let x = -3209 - -5385. Let f = x + -1474. What are the prime factors of f?
2, 3, 13
Suppose -6*k = -1206 - 426. Let r = -209 + k. List the prime factors of r.
3, 7
Let j(p) = 157*p**3 + 2*p**2 - 6*p + 9. Let s be j(2). Suppose s = 5*b + 4*w - 2414, 3*w = -4*b + 2941. List the prime factors of b.
739
What are the prime factors of 79336/12 - (-9 + (-168)/(-18))?
11, 601
Suppose -3*n + 54836 = -401*v + 403*v, -2*v + 91400 = 5*n. What are the prime factors of n?
2, 3, 11, 277
Suppose -4*p + 24 - 8 = 0. Suppose -4*j + p*v + 68 = 0, 3*j - 120 = -2*j - 2*v. Suppose -l - 3*q + 105 = j, -q = 2*l - 161. List the prime factors of l.
2, 5
List the prime factors of (-2766)/4*(-12 + (-26)/(-3)).
5, 461
Suppose 119 = 13*c - 115. Suppose 0 = 13*p - c*p + 400. List the prime factors of p.
2, 5
Let n(a) = 23*a**2 - 6*a + 22. Let q be n(-10). Suppose -t = 2*t - q. List the prime factors of t.
2, 397
What are the prime factors of (2 - 14052/9)*(-1 + 32/(-16))?
2, 2339
Let o be (140/(-30))/(3/(-1953)). Suppose 5*i = -m + o, -5*i + 3*i - m + 1214 = 0. What are the prime factors of i?
2, 19
Let v(d) = -289*d + 14 - 288*d + 567*d - d**2. Let a be v(-11). Suppose -1450 = -a*r - 7*r. List the prime factors of r.
5, 29
Let b be (-1210)/(-15) - (2 + (-4)/3). Let l = b - -10. Suppose 638 = 4*q + l. What are the prime factors of q?
137
Let h = 119 - 101. Suppose -h = d - 24. Suppose -d*q = -10*q + 956. What are the prime factors of q?
239
Let j(t) = -3*t**3 - 33*t**2 - 72*t - 193. List the prime factors of j(-21).
14549
What are the prime factors of (1/((-4)/24))/(-6 + 4) - -1324?
1327
Suppose -7 = 5*h + 28. Let r = 12 - h. Suppose a = 5*g + r, -3*a - 4*g + 152 = -0*g. What are the prime factors of a?
2, 11
Let d(w) = 112*w**2 + 2*w - 2. Let q be d(4). List the prime factors of 45/30 - (q/(-4) - 2).
3, 151
Let c = -6108 + 22571. What are the prime factors of c?
101, 163
Let g(u) = -2*u**2 + 36*u - 33. Let x be g(17). List the prime factors of (-1)/x*1 - 300/(-1).
13, 23
Suppose 0 = -1217*r + 1221*r. Suppose r = -0*q + 8*q - 2256. What are the prime factors of q?
2, 3, 47
Let j = -2828 - -5177. Suppose -2*w - 4*k = -2056, -5*w + 7519 = -5*k + j. List the prime factors of w.
2, 3, 43
List the prime factors of (10*(-1 - -2))/(4/8042).
5, 4021
Let r(d) = -d**2 - 9*d + 18. Let u = 64 - 74. Let t be r(u). Suppose -t*c + 499 = -413. What are the prime factors of c?
2, 3, 19
Suppose -27*d + 60523 - 24321 = -171671. List the prime factors of d.
7699
Let w(j) = 48*j**3 - 13*j**2 + 48*j - 8. What are the prime factors of w(9)?
7, 4909
Let x(a) = a**3 + 2*a**2 - 6*a - 9. Let q be x(-3). Suppose q = -5*p + 10, -m + 440 = m - 4*p. List the prime factors of m.
2, 7
Suppose 0 = -4*k - 3*h + 5, -5 = -41*k + 39*k - h. Let x = -2 - -4. Suppose 3*l - o = x*l + 114, k*l = -3*o + 538. List the prime factors of l.
2, 5, 11
Let l(w) = w**2 + 4*w - 20. Let j be l(-7). Let m(o) = -o**3 + o**2 + 1. Let r be m(j). What are the prime factors of (r - (-46)/5)/(5/25)?
3, 17
Let m = 2754 - 85. List the prime factors of m.
17, 157
Suppose 5*i = -w - 4, 5*i - 3 = 4*i. Let r(l) = -4*l + 3 - l - 12. What are the prime factors of r(w)?
2, 43
Let j be (-2)/(14/(-1547)) + 1 + 1. Suppose 0 = 3*p - 26 - j. List the prime factors of p.
83
Suppose 19*g = 13*g + 2952. Suppose -44*n - g = -38*n. What are the prime factors of 1/2*-2 - (-1 + n)?
2, 41
Suppose -21422 = -3*c + 4*n, -4*c + 18713 = -5*n - 9848. What are the prime factors of c?
2, 3, 29, 41
Suppose -3*s - 2*m = 0, 5*m - 3*m = -6. Suppose 8*q = -s*q + 6*q. Suppose x - 107 = -2*j, -326 = -3*x - j - q*j. What are the prime factors of x?
109
Suppose 6*i - 993 = 15. Suppose -5*q + i = -107. Let x = -31 + q. List the prime factors of x.
2, 3
Let f(o) = 34*o**2 - 2*o + 2. Let g be f(1). What are the prime factors of (-4131)/g*-2*1 + 2?
5, 7
What are the prime factors of ((-2)/4)/(2/24) - -17704?
2, 8849
Suppose -153*k - 623*k = 5084505 - 37314889. What are the prime factors of k?
2, 19, 1093
Let j = -3983 + 3988. Suppose v + 1002 = 3*v. What are the prime factors of 3/(9/v) - j?
2, 3
Let d = -983 + 174. Let y = -131 - d. What are the prime factors of y?
2, 3, 113
Let h = 628 + -155. List the prime factors of h - (-35)/(-21)*3.
2, 3, 13
Suppose -p + 6*g + 630 = -554, -p + 4*g + 1182 = 0. What are the prime factors of p?
2, 19, 31
Let v(y) = -32*y + 56. Let k(g) = g**2 + 26*g + 83. Let c be k(-22). What are the prime factors of v(c)?
2, 3
Suppose -2*l - j = -9, 4*l = -4*j + 17 + 11. What are the prime factors of 30433/78 + l/(-12)?
2, 3, 5, 13
Let x(q) = -86*q - 933. List the prime factors of x(-50).
7, 13, 37
What are the prime factors of (441/28)/(2*(-9)/(-13584))?
2, 3, 7, 283
Suppose -5*p = 5*h + 1615, -p + 645 = -3*p - h. Let f = p - -824. List the prime factors of f.
2, 251
Suppose -310*m - 3*v + 53286 = -305*m, m = -5*v + 10644. What are the prime factors of m?
3, 11, 17, 19
Suppose 13*a - 121826 = -15785. List the prime factors of a.
3, 2719
List the prime factors of (-174)/464 + (-44673)/(-24).
1861
Suppose 3*p - 3*n + 1494 = 0, 9*p